22. Let i(u) = 3*u**3 + 29*u**2 - 2*u + 11. Let r(l) = 7*i(l) + 4*j(l). Give r(5).
-1
Let r(s) = -s + 4 + 0*s + 2 - 2*s. Suppose -5*d + 5 = -n, -4 = -3*n - 2*n - 4*d. Suppose -4*w - 4*h + h + 15 = n, 0 = -4*h - 12. What is r(w)?
-12
Let n(y) = -y**3 + y**2 - y - 9. Let g(p) be the first derivative of -p**3/3 + 2*p**2 - 3*p + 1. Let f be 1 + 1 + 6 + -7. Let b be g(f). Calculate n(b).
-9
Let p(v) = -4*v - 28*v**2 + 27*v**2 - 2 - v + 1. Suppose -3*a + i - 21 = 0, -14 - 1 = 4*a + 3*i. What is p(a)?
-7
Let a(t) = 6*t**2 - 25*t + 7. Let y(h) = 2*h**2 - 10*h + 3. Let n(g) = -2*a(g) + 5*y(g). Determine n(0).
1
Let q(r) = -28*r + 65. Let l(c) = -3*c - 1. Let x(t) = -3*l(t) + q(t). Calculate x(4).
-8
Let x(k) be the first derivative of -k**2 + 11*k + 86. Suppose -3*l = 8 - 2, 0 = 4*y - 4*l - 44. Give x(y).
-7
Let n(f) = f**3 + f**2 - f + 3. Let h be 5 + (-5 - (-1 + -1)). Determine n(h).
13
Let v(b) = 119 + 298*b + 6*b**2 + 291*b - 890*b + b**3 + 294*b + 8*b**2. Determine v(-15).
-1
Let o = -5362 - -5328. Let g(a) = 3*a + 94. Calculate g(o).
-8
Let o(u) = 2*u - 1. Suppose -6*k - 3*r - 44 = -k, 4*r = -3*k - 22. Let l be (-51)/85 + (-56)/k. Suppose l*y - 4*c + 9 = -37, 0 = -y + 5*c - 26. What is o(y)?
-13
Suppose -2 = n + 2. Let a = n - -2. Let z(h) be the third derivative of -h**5/10 - h**4/12 + h**3/3 + 7*h**2 - 9*h - 53. Calculate z(a).
-18
Let v(p) = -13*p**3 + 4*p**2 - 3*p + 1. Let b(o) = 10*o**3 - 3*o**2 + 3*o. Let k(h) = -5*b(h) - 4*v(h). Give k(-2).
-18
Let j(w) = 9 + 9*w + w**3 + 10 - 5 - 3*w**2 - 8*w**2. Let d be j(10). Let n be -2 - (3 + -7)/d*-1. Let v(p) = -p**2 - 7*p + 1. What is v(n)?
13
Let i(z) be the third derivative of -z**5/60 - 7*z**4/12 + 19*z**3/6 - 711*z**2. What is i(-15)?
4
Let k(u) be the second derivative of u**4/12 - 7*u**3/6 + 2*u**2 + 715*u. Calculate k(4).
-8
Let i(d) = d**3 + 9*d**2 - 11*d + 1. Let l = -251 - -253. Suppose 13*h = l*h - 110. Calculate i(h).
11
Let p(d) = d**2 - 12*d + 21. Suppose 4*o + 126 = 25*o. Calculate p(o).
-15
Let j(w) be the second derivative of 0 - 8/3*w**4 - 1/720*w**6 + 20*w + 0*w**3 - 11/120*w**5 + 0*w**2. Let m(v) be the third derivative of j(v). What is m(0)?
-11
Let a(k) = -k**3 - 119179*k**2 + 238355*k**2 - 119170*k**2 - 2*k + 5. Let z = 9 + -3. What is a(z)?
-7
Let a(u) be the second derivative of -u**5/20 - 7*u**4/12 - u**3/3 - 5*u**2 - 3*u. Let m be 295 + 1 + 0 + -5. Suppose 0 = 5*h + 326 - m. Calculate a(h).
4
Let q(d) be the first derivative of -d**3/3 + 5*d**2 - 2*d - 2. Let y(f) = 28*f + 2. Let c be y(2). Suppose -5 - c = -7*w. Determine q(w).
7
Let c(u) = -16 + 17585*u - 8795*u - 8789*u. Calculate c(16).
0
Let u(q) = -1532 - q**3 + 4*q - 8*q + 1533. Let w be u(0). Let z(d) = d - 2. Calculate z(w).
-1
Let q(r) = 6 - 57*r**2 - 68*r**2 - 57*r**2 - 7*r - 57*r**2 + 224*r**2 - 2*r**3. Give q(-7).
6
Suppose 7*x + 69 = 30*x. Let z(i) = 131*i**3 + 132*i**3 + 142*i**3 - i**2 - 415*i**x. What is z(-1)?
9
Let f(k) be the second derivative of k**6/120 + k**5/10 + k**4/8 + k**3 - 8*k**2 + 3*k + 3. Let v(m) be the first derivative of f(m). What is v(-5)?
16
Let h(n) = -27*n. Let f(a) = -196*a + 223. Let u(s) = f(s) - 8*h(s). Give u(-11).
3
Let b(x) = -x**3 + 6*x**2 + 7*x + 5. Let p = 26 - -9. Suppose k - 2 = 4*z, -2*z + 0*k = 5*k - 10. Suppose 5*n + z = p. Calculate b(n).
5
Suppose 23*g + 113 = 27*g - 5*w, -2*g + 55 = -3*w. Suppose g*j - 298 = -10. Let p(l) = 3*l - 29. What is p(j)?
-2
Let b(g) = -164*g - 2. Let c(r) = 91*r + 1. Let n(x) = -5*b(x) - 9*c(x). Determine n(5).
6
Let v(a) be the third derivative of a**5/12 - 2*a**2. Let t(y) = y**3 - 3*y - 1. Suppose 31*n - 34*n = -6. Let x be t(n). Determine v(x).
5
Let m(k) = 3*k**2 + 1. Let v be m(-1). Suppose -3*f - v*h = -48, 4*f = 5*h - 10 + 74. Suppose 3*z + f = 10. Let w(s) = 4*s**2 - 2*s + 1. What is w(z)?
21
Let k(t) be the first derivative of t**4/4 + 3*t**3 + t + 2464. Let m = 15 + -22. Let y be m - 1*(-2 - -4). Calculate k(y).
1
Let r(w) = -7449*w**3 + 14906*w**3 - 18*w**2 - 17*w - 44 - 7456*w**3. Determine r(19).
-6
Let v(i) = -i**2 - 8*i + 6. Let u = 377 + -208. Suppose 5*z = u - 59. Suppose z - 70 = 6*f. Give v(f).
6
Let f(b) = b**2 + b + 26. Suppose -88 + 97 = i. Calculate f(i).
116
Let p(b) = 3*b**3 - 23*b**2 + 16*b - 15. Suppose 62*d = 34*d + 196. Determine p(d).
-1
Suppose 10*a - 4 = 66. Suppose -3*h = -3*l - 6, -2*h + 4*l - l + 3 = 0. Let u(j) = 7*j**3 - 6*j + 2 - 4*j**h - 4*j**3 + 8*j**2. Determine u(a).
9
Let y(x) be the first derivative of 1/2*x**2 - 5*x**3 + 0*x - 180. Give y(-1).
-16
Let r(h) = 5*h**2 - 41*h + 10. Let v be r(8). Let g(w) = -13 + 18 + 2*w - 6 - 13 + v*w. Determine g(6).
10
Suppose -77*p + 88 = 88. Let f(c) be the second derivative of p*c**3 + 1/2*c**2 + 0*c**4 - 1/20*c**5 - 15*c + 0. What is f(-2)?
9
Suppose -3*b = 2*y - 3*y + 96, 4*y + 5*b - 418 = 0. Let h = 100 - y. Let u(v) = v. Let k(o) = -o**2 - 4*o + 1. Let d(z) = k(z) + 5*u(z). Calculate d(h).
-5
Let x = -69 - -69. Let z(p) = -13 + 3*p**2 - 5*p**2 + x*p**2 - 6 - 16*p. Let k be z(-7). Let i(s) = -s**2 - 5*s. What is i(k)?
0
Let a = -26 - -42. Suppose a*n + 65 = 3*n. Let z(c) be the first derivative of c**3/3 + 3*c**2 - c + 1. Give z(n).
-6
Let b be (4/(-16))/(2/8). Let g = b - -4. Let r(z) be the first derivative of -z**3/3 + z**2 - 4*z + 127. What is r(g)?
-7
Let i = 7 + -6. Let d be 3*i*(-1)/3. Let k(z) = -5*z**3 - 2*z**2 + 6*z - 3. Let f(g) = -g**3 - g**2 + 2*g - 2. Let r(m) = -2*f(m) + k(m). Give r(d).
2
Let w be (-10)/(-4) - ((-3666)/(-12))/13. Let m be (-10)/2 + 7/w*-6. Let b(h) = -h**3 - 5*h**2 - 4*h. What is b(m)?
-6
Let i(d) = 3*d**2 - 11*d + 2. Let p(b) = -3*b**2 + 12*b + 3. Let y(t) = 3*i(t) + 2*p(t). Determine y(2).
6
Let d(v) = -2*v**2 - 8*v + 7. Let g(k) = -3*k**2 - 16*k + 12. Let y(m) = -m**3 + 3*m**2 + 7*m - 9. Let l be y(4). Let f(b) = l*g(b) - 5*d(b). What is f(9)?
10
Let d(i) = -2*i**2 - 29*i - 27. Let u be d(-1). Let b(r) = r**3 + 2*r**2 + 8*r + 6. Calculate b(u).
6
Let y(g) = -2*g**3 + 5*g**2 - 5*g + 1. Let l(j) = -4*j**3 - 42*j**2 + 5*j - 183. Let v be l(-11). Calculate y(v).
-67
Let m = -286 + 558. Let k = m + -277. Let v(s) = 2*s - 2. Determine v(k).
-12
Let u(d) = 7*d - 3. Let k(i) = -11*i + 4. Let z(r) = -3*k(r) - 5*u(r). Let n(a) = -a**3 - 5 + a**2 + 8*a**2 + 8*a - 2*a**2. Let f be n(8). Calculate z(f).
13
Let t(g) = g**3 + g**2 + 3*g - 5. Suppose 2*z + 4 = -p, 5*z - 3*p + 20 = -8*p. What is t(z)?
-5
Let d(q) = q - 25. Let y be d(23). Let g(k) be the first derivative of -3*k**2/2 + 4*k - 370. Calculate g(y).
10
Let x(l) = -l - 4. Let a(s) = 5 - s - 5 - 4. Let h(d) = -6*a(d) + 5*x(d). Let v be (-132)/60 - 2/(-10). Determine h(v).
2
Let y(l) = -3*l + 1. Let s(i) = -3*i + 85. Let j be s(30). Let p be (3 + 1)/(10/j). What is y(p)?
7
Let x(a) = a**3 - 32*a**2 + 30*a + 46. Let z = 7939 - 7908. Determine x(z).
15
Let l(s) = 690 + 691 + 9*s - 1376. Let r(g) = -16*g - 9. Let u(c) = -7*l(c) - 4*r(c). Determine u(-3).
-2
Let y be ((-2)/10)/((-8)/760). Suppose -3*i - 2*i + 5 = 0, -4*z = 5*i + y. Let h(j) = -2*j - 1 + j**2 + 10*j + 3. What is h(z)?
-10
Let n(q) be the third derivative of q**6/720 - q**5/15 + q**4/12 + 7*q**3 + 2*q**2 + q. Let w(b) be the second derivative of n(b). Calculate w(10).
2
Let t(b) = -41*b + 16. Let n(q) = 84*q - 33. Let d(y) = -6*n(y) - 13*t(y). What is d(-3)?
-97
Let q = 485 + -421. Let j(i) = q*i**3 + 1 + 8*i**2 + 6 - 63*i**3 - 6*i. Determine j(-9).
-20
Let j(r) be the first derivative of -3*r**2 - 47*r - 470. Determine j(-8).
1
Let a(w) = 3*w + 4. Let t = 95 - 90. Suppose 0*i + t*i = -20. Determine a(i).
-8
Let h(r) = 11*r**2 - 31*r + 298. Let y(z) = 2*z**2 - 5*z + 50. Let n(d) = 3*h(d) - 17*y(d). What is n(-11)?
11
Suppose 3*z = 7*z - 12, -9 = -3*x + z. Suppose -2*r - 10 = -x*r. Let m(b) = -b - 2. Give m(r).
-7
Suppose 0 = -20*m + 16*m - 4*d + 35 - 11, 0 = 5*d. Let h(w) = -w**3 + 4*w**2 + 12*w - 10. Calculate h(m).
-10
Suppose 47 = -2*d + b + 55, d + b = -2. Let t(x) = 28*x - 57. What is t(d)?
-1
Let k be (10 + -6)/12*24. Let u(d) = -3*d**3 + 25*d**2 - 7*d + 2. Determine u(k).
10
Let c(f) = -30*f - 41. Let s be c(5). Let m = s - -188. Let y(b) be the third derivative of -b**6/120 - b**5/15 - 5*b**4/24 - 2*b**3/3 - 8*b**2. Give y(m).
2
Suppose 0*n + 5*d - 25 = -n, -3*d + 3 = 0. Suppose -n*m + 24*m + 92 = 0. 